{"id":64,"date":"2018-08-20T17:53:00","date_gmt":"2018-08-20T17:53:00","guid":{"rendered":"http:\/\/lebenswert-hoch3.de\/?page_id=64"},"modified":"2018-08-28T03:07:18","modified_gmt":"2018-08-28T03:07:18","slug":"modellbau","status":"publish","type":"page","link":"https:\/\/lebenswert-hoch3.de\/?page_id=64","title":{"rendered":"Modellbau"},"content":{"rendered":"<p><strong>Modellbau<\/strong><\/p>\n<p>\r\n\t\t\t\t\t\n\r\n\t\t\t\t\t<!-- START UNITE GALLERY 1.7.62 -->\r\n\t\t\t\t\t\r\n\t\t\t\t\n\t\t\t<div id='unitegallery_12_1' class='unite-gallery' style='margin:0px auto;'>\n\t\t\t\t\n\n\t\t\t\t\t\t<img alt=\"Rund-ums-Fliegen-(20)-(2017_05_03-10_16_16-UTC)\"\n\t\t\t\t\t\t     src=\"\" data-image=\"https:\/\/lebenswert-hoch3.de\/wp-content\/uploads\/2018\/08\/Rund-ums-Fliegen-20-2017_05_03-10_16_16-UTC.jpg\"\n\t\t\t\t\t\t     data-thumb=\"https:\/\/lebenswert-hoch3.de\/wp-content\/uploads\/2018\/08\/Rund-ums-Fliegen-20-2017_05_03-10_16_16-UTC-300x225.jpg\"\n\t\t\t\t\t\t     title=\"\"\n\t\t\t\t\t\t     style=\"display:none\">\n\n\t\t\t\t\t\t<img alt=\"Rund-ums-Fliegen-(21)-(2017_05_03-10_16_16-UTC)\"\n\t\t\t\t\t\t     src=\"\" data-image=\"https:\/\/lebenswert-hoch3.de\/wp-content\/uploads\/2018\/08\/Rund-ums-Fliegen-21-2017_05_03-10_16_16-UTC.jpg\"\n\t\t\t\t\t\t     data-thumb=\"https:\/\/lebenswert-hoch3.de\/wp-content\/uploads\/2018\/08\/Rund-ums-Fliegen-21-2017_05_03-10_16_16-UTC-300x225.jpg\"\n\t\t\t\t\t\t     title=\"\"\n\t\t\t\t\t\t     style=\"display:none\">\n\n\t\t\t\t\t\t<img alt=\"Rund-ums-Fliegen-(31)-(2017_05_03-10_16_16-UTC)\"\n\t\t\t\t\t\t     src=\"\" data-image=\"https:\/\/lebenswert-hoch3.de\/wp-content\/uploads\/2018\/08\/Rund-ums-Fliegen-31-2017_05_03-10_16_16-UTC.jpg\"\n\t\t\t\t\t\t     data-thumb=\"https:\/\/lebenswert-hoch3.de\/wp-content\/uploads\/2018\/08\/Rund-ums-Fliegen-31-2017_05_03-10_16_16-UTC-300x225.jpg\"\n\t\t\t\t\t\t     title=\"\"\n\t\t\t\t\t\t     style=\"display:none\">\n\n\t\t\t\t\t\t<img alt=\"Rund-ums-Fliegen-(42)-(2017_05_03-10_16_16-UTC)\"\n\t\t\t\t\t\t     src=\"\" data-image=\"https:\/\/lebenswert-hoch3.de\/wp-content\/uploads\/2018\/08\/Rund-ums-Fliegen-42-2017_05_03-10_16_16-UTC.jpg\"\n\t\t\t\t\t\t     data-thumb=\"https:\/\/lebenswert-hoch3.de\/wp-content\/uploads\/2018\/08\/Rund-ums-Fliegen-42-2017_05_03-10_16_16-UTC-300x225.jpg\"\n\t\t\t\t\t\t     title=\"\"\n\t\t\t\t\t\t     style=\"display:none\">\n\n\t\t\t\t\t\t<img alt=\"Modelleisenbahn-2014--(5)\"\n\t\t\t\t\t\t     src=\"\" data-image=\"https:\/\/lebenswert-hoch3.de\/wp-content\/uploads\/2018\/08\/Modelleisenbahn-2014-5.jpg\"\n\t\t\t\t\t\t     data-thumb=\"https:\/\/lebenswert-hoch3.de\/wp-content\/uploads\/2018\/08\/Modelleisenbahn-2014-5-300x225.jpg\"\n\t\t\t\t\t\t     title=\"\"\n\t\t\t\t\t\t     style=\"display:none\">\n\n\t\t\t\t\t\t<img alt=\"Modelleisenbahn-2014--(33)\"\n\t\t\t\t\t\t     src=\"\" data-image=\"https:\/\/lebenswert-hoch3.de\/wp-content\/uploads\/2018\/08\/Modelleisenbahn-2014-33.jpg\"\n\t\t\t\t\t\t     data-thumb=\"https:\/\/lebenswert-hoch3.de\/wp-content\/uploads\/2018\/08\/Modelleisenbahn-2014-33-300x225.jpg\"\n\t\t\t\t\t\t     title=\"\"\n\t\t\t\t\t\t     style=\"display:none\">\n\n\t\t\t\t\t\t<img alt=\"Modelleisenbahn-2014--(90)\"\n\t\t\t\t\t\t     src=\"\" data-image=\"https:\/\/lebenswert-hoch3.de\/wp-content\/uploads\/2018\/08\/Modelleisenbahn-2014-90.jpg\"\n\t\t\t\t\t\t     data-thumb=\"https:\/\/lebenswert-hoch3.de\/wp-content\/uploads\/2018\/08\/Modelleisenbahn-2014-90-300x225.jpg\"\n\t\t\t\t\t\t     title=\"\"\n\t\t\t\t\t\t     style=\"display:none\">\n\n\t\t\t\t\t\t<img alt=\"Modelleisenbahn-2014--(215)\"\n\t\t\t\t\t\t     src=\"\" data-image=\"https:\/\/lebenswert-hoch3.de\/wp-content\/uploads\/2018\/08\/Modelleisenbahn-2014-215.jpg\"\n\t\t\t\t\t\t     data-thumb=\"https:\/\/lebenswert-hoch3.de\/wp-content\/uploads\/2018\/08\/Modelleisenbahn-2014-215-300x225.jpg\"\n\t\t\t\t\t\t     title=\"\"\n\t\t\t\t\t\t     style=\"display:none\">\n\n\t\t\t\t\t\t<img alt=\"Modelleisenbahn-2014--(262)\"\n\t\t\t\t\t\t     src=\"\" data-image=\"https:\/\/lebenswert-hoch3.de\/wp-content\/uploads\/2018\/08\/Modelleisenbahn-2014-262.jpg\"\n\t\t\t\t\t\t     data-thumb=\"https:\/\/lebenswert-hoch3.de\/wp-content\/uploads\/2018\/08\/Modelleisenbahn-2014-262-300x225.jpg\"\n\t\t\t\t\t\t     title=\"\"\n\t\t\t\t\t\t     style=\"display:none\">\n\n\t\t\t\t\t\t<img alt=\"Carrera-Mai-2015--(8)\"\n\t\t\t\t\t\t     src=\"\" data-image=\"https:\/\/lebenswert-hoch3.de\/wp-content\/uploads\/2018\/08\/Carrera-Mai-2015-8-1.jpg\"\n\t\t\t\t\t\t     data-thumb=\"https:\/\/lebenswert-hoch3.de\/wp-content\/uploads\/2018\/08\/Carrera-Mai-2015-8-1-300x225.jpg\"\n\t\t\t\t\t\t     title=\"\"\n\t\t\t\t\t\t     style=\"display:none\">\n\n\t\t\t\t\t\t<img alt=\"Carrera-Mai-2015--(7)\"\n\t\t\t\t\t\t     src=\"\" data-image=\"https:\/\/lebenswert-hoch3.de\/wp-content\/uploads\/2018\/08\/Carrera-Mai-2015-7-1.jpg\"\n\t\t\t\t\t\t     data-thumb=\"https:\/\/lebenswert-hoch3.de\/wp-content\/uploads\/2018\/08\/Carrera-Mai-2015-7-1-225x300.jpg\"\n\t\t\t\t\t\t     title=\"\"\n\t\t\t\t\t\t     style=\"display:none\">\n\t\t\t<\/div>\n\n\t\t\t<script type='text\/javascript'>\n\t\t\t\twindow.onload = function(e) {\n\t\t\t\t\tif(typeof ugCheckForErrors == \"undefined\"){\n\t\t\t\t\t\tdocument.getElementById(\"unitegallery_12_1\").innerHTML = \"<span style='color:red'>Unite Gallery Error - gallery js and css files not included in the footer. Please make sure that wp_footer() function is added to your theme.<\/span>\";}\n\t\t\t\t\telse{ ugCheckForErrors(\"unitegallery_12_1\", \"jquery\");}\n\t\t\t\t};\n\t\t\t<\/script>\n\n\t\t\t<!-- END UNITEGALLERY --><\/p>\n<p>Viele Kinder haben heute nicht mehr die M\u00f6glichkeiten zu basteln, sich in einer Werkstatt kreativ auszutoben oder gar richtigen Modellbau zu betreiben. Andreas ist der geborene Bastler und er hat schon bei vielen Sch\u00fclerprojektgruppen sein K\u00f6nnen unter Beweis stellen m\u00fcssen. Da werden U-Boote gebastelt und versenkt, Eisenbahnmodule gebaut und miteinander verbunden, Flieger gebastelt und am Flugsimulator das Starten und Landen ge\u00fcbt.<\/p>\n<p>Gerne w\u00fcrden wir auch in Zukunft wieder ein solches Kreativangebot f\u00fcr kleine und gro\u00dfe Bastler anbieten bis hin zum Modellflug.<\/p>\n<p>&nbsp;<\/p>\n<p>&nbsp;<\/p>\n<p>Uns liegt eine Abhebeerlaubnis vom Regierungspr\u00e4sidium Karlsruhe vor.<\/p>\n","protected":false},"excerpt":{"rendered":"<p>Modellbau Viele Kinder haben heute nicht mehr die M\u00f6glichkeiten zu basteln, sich in einer Werkstatt kreativ auszutoben oder gar richtigen Modellbau zu betreiben. Andreas ist der geborene Bastler und er hat schon bei vielen Sch\u00fclerprojektgruppen sein K\u00f6nnen unter Beweis stellen m\u00fcssen. Da werden U-Boote gebastelt und versenkt, Eisenbahnmodule gebaut und miteinander verbunden, Flieger gebastelt und &hellip; <a href=\"https:\/\/lebenswert-hoch3.de\/?page_id=64\" class=\"more-link\"><span class=\"screen-reader-text\">Modellbau<\/span> weiterlesen<\/a><\/p>\n","protected":false},"author":1,"featured_media":0,"parent":0,"menu_order":0,"comment_status":"closed","ping_status":"closed","template":"","meta":{"give_campaign_id":0,"footnotes":""},"class_list":["post-64","page","type-page","status-publish","hentry"],"campaignId":"","_links":{"self":[{"href":"https:\/\/lebenswert-hoch3.de\/index.php?rest_route=\/wp\/v2\/pages\/64","targetHints":{"allow":["GET"]}}],"collection":[{"href":"https:\/\/lebenswert-hoch3.de\/index.php?rest_route=\/wp\/v2\/pages"}],"about":[{"href":"https:\/\/lebenswert-hoch3.de\/index.php?rest_route=\/wp\/v2\/types\/page"}],"author":[{"embeddable":true,"href":"https:\/\/lebenswert-hoch3.de\/index.php?rest_route=\/wp\/v2\/users\/1"}],"replies":[{"embeddable":true,"href":"https:\/\/lebenswert-hoch3.de\/index.php?rest_route=%2Fwp%2Fv2%2Fcomments&post=64"}],"version-history":[{"count":2,"href":"https:\/\/lebenswert-hoch3.de\/index.php?rest_route=\/wp\/v2\/pages\/64\/revisions"}],"predecessor-version":[{"id":284,"href":"https:\/\/lebenswert-hoch3.de\/index.php?rest_route=\/wp\/v2\/pages\/64\/revisions\/284"}],"wp:attachment":[{"href":"https:\/\/lebenswert-hoch3.de\/index.php?rest_route=%2Fwp%2Fv2%2Fmedia&parent=64"}],"curies":[{"name":"wp","href":"https:\/\/api.w.org\/{rel}","templated":true}]}}